{"id":55,"date":"2023-04-18T11:11:36","date_gmt":"2023-04-18T11:11:36","guid":{"rendered":"https:\/\/seabrokers.no\/eiendom\/?page_id=55"},"modified":"2023-09-06T18:33:13","modified_gmt":"2023-09-06T18:33:13","slug":"hjem","status":"publish","type":"page","link":"https:\/\/seabrokers.no\/eiendom\/","title":{"rendered":"Hjem"},"content":{"rendered":"","protected":false},"excerpt":{"rendered":"","protected":false},"author":1,"featured_media":763,"parent":0,"menu_order":0,"comment_status":"closed","ping_status":"closed","template":"tpl-home.php","meta":{"footnotes":"","_links_to":"","_links_to_target":""},"class_list":["post-55","page","type-page","status-publish","hentry"],"acf":{"subtitle":"Seabrokers Eiendom","title":"N\u00e6ringsbygg med milj\u00f8 i fokus","text":"Med en portef\u00f8lje p\u00e5 240 000 m\u00b2 n\u00e6ringseiendom p\u00e5 Forus kan vi l\u00f8se de fleste behov. V\u00e5re bygg har lave energikostnader, h\u00f8y byggeteknisk kvalitet og moderne design.","buttons":null,"image":749,"video":750,"focus_point":"end","style":"dark","type":"full","overlay_opacity":0,"enable_animation":true,"lottie":"https:\/\/lottie.host\/4a265ea0-9fff-4cb0-b232-ec0c72587904\/gSZppS4S1H.json","animation_opacity":100},"_links":{"self":[{"href":"https:\/\/seabrokers.no\/eiendom\/wp-json\/wp\/v2\/pages\/55","targetHints":{"allow":["GET"]}}],"collection":[{"href":"https:\/\/seabrokers.no\/eiendom\/wp-json\/wp\/v2\/pages"}],"about":[{"href":"https:\/\/seabrokers.no\/eiendom\/wp-json\/wp\/v2\/types\/page"}],"author":[{"embeddable":true,"href":"https:\/\/seabrokers.no\/eiendom\/wp-json\/wp\/v2\/users\/1"}],"replies":[{"embeddable":true,"href":"https:\/\/seabrokers.no\/eiendom\/wp-json\/wp\/v2\/comments?post=55"}],"version-history":[{"count":0,"href":"https:\/\/seabrokers.no\/eiendom\/wp-json\/wp\/v2\/pages\/55\/revisions"}],"wp:featuredmedia":[{"embeddable":true,"href":"https:\/\/seabrokers.no\/eiendom\/wp-json\/wp\/v2\/media\/763"}],"wp:attachment":[{"href":"https:\/\/seabrokers.no\/eiendom\/wp-json\/wp\/v2\/media?parent=55"}],"curies":[{"name":"wp","href":"https:\/\/api.w.org\/{rel}","templated":true}]}}