{"id":66,"date":"2023-04-18T11:50:35","date_gmt":"2023-04-18T11:50:35","guid":{"rendered":"https:\/\/seabrokers.no\/eiendom\/?page_id=66"},"modified":"2024-12-17T10:11:27","modified_gmt":"2024-12-17T10:11:27","slug":"baerekraftsmal","status":"publish","type":"page","link":"https:\/\/seabrokers.no\/eiendom\/baerekraft-khms\/baerekraftsmal\/","title":{"rendered":"B\u00e6rekraftsm\u00e5l"},"content":{"rendered":"<p>I Seabrokers Eiendom utf\u00f8rer vi arbeidet v\u00e5rt med tanke p\u00e5 klima og milj\u00f8. Vi skal bidra til l\u00f8sninger som reduserer v\u00e5rt klimaavtrykk og \u00f8ker v\u00e5r kunnskap innen ny gr\u00f8nn teknologi og b\u00e6rekraftige l\u00f8sninger. V\u00e5rt arbeid skal utf\u00f8res med respekt for mennesker, natur og milj\u00f8, og vi trekker spesielt frem f\u00f8lgende m\u00e5l fra FNs m\u00e5l for b\u00e6rekraftig utvikling.<\/p>\n<p>&nbsp;<\/p>\n<p>&nbsp;<\/p>\n","protected":false},"excerpt":{"rendered":"<p>I Seabrokers Eiendom utf\u00f8rer vi arbeidet v\u00e5rt med tanke p\u00e5 klima og milj\u00f8. Vi skal bidra til l\u00f8sninger som reduserer v\u00e5rt klimaavtrykk og \u00f8ker v\u00e5r kunnskap innen ny gr\u00f8nn teknologi og b\u00e6rekraftige l\u00f8sninger. V\u00e5rt arbeid skal utf\u00f8res med respekt for mennesker, natur og milj\u00f8, og vi trekker spesielt frem f\u00f8lgende m\u00e5l fra FNs m\u00e5l for [&hellip;]<\/p>\n","protected":false},"author":1,"featured_media":777,"parent":64,"menu_order":0,"comment_status":"closed","ping_status":"closed","template":"","meta":{"footnotes":"","_links_to":"","_links_to_target":""},"class_list":["post-66","page","type-page","status-publish","hentry"],"acf":{"subtitle":"","title":"Med tanke p\u00e5 fremtiden","text":"I Seabrokers Eiendom utf\u00f8rer vi arbeidet v\u00e5rt med tanke p\u00e5 klima og milj\u00f8. ","buttons":null,"image":"","video":"","focus_point":"center","style":"dark","type":"full","overlay_opacity":30,"enable_animation":false,"lottie":"","animation_opacity":60},"_links":{"self":[{"href":"https:\/\/seabrokers.no\/eiendom\/wp-json\/wp\/v2\/pages\/66","targetHints":{"allow":["GET"]}}],"collection":[{"href":"https:\/\/seabrokers.no\/eiendom\/wp-json\/wp\/v2\/pages"}],"about":[{"href":"https:\/\/seabrokers.no\/eiendom\/wp-json\/wp\/v2\/types\/page"}],"author":[{"embeddable":true,"href":"https:\/\/seabrokers.no\/eiendom\/wp-json\/wp\/v2\/users\/1"}],"replies":[{"embeddable":true,"href":"https:\/\/seabrokers.no\/eiendom\/wp-json\/wp\/v2\/comments?post=66"}],"version-history":[{"count":0,"href":"https:\/\/seabrokers.no\/eiendom\/wp-json\/wp\/v2\/pages\/66\/revisions"}],"up":[{"embeddable":true,"href":"https:\/\/seabrokers.no\/eiendom\/wp-json\/wp\/v2\/pages\/64"}],"wp:featuredmedia":[{"embeddable":true,"href":"https:\/\/seabrokers.no\/eiendom\/wp-json\/wp\/v2\/media\/777"}],"wp:attachment":[{"href":"https:\/\/seabrokers.no\/eiendom\/wp-json\/wp\/v2\/media?parent=66"}],"curies":[{"name":"wp","href":"https:\/\/api.w.org\/{rel}","templated":true}]}}