{"id":131,"date":"2023-04-18T12:01:19","date_gmt":"2023-04-18T12:01:19","guid":{"rendered":"https:\/\/seabrokers.no\/fundamentering\/?page_id=131"},"modified":"2023-05-04T20:41:43","modified_gmt":"2023-05-04T20:41:43","slug":"tjenester","status":"publish","type":"page","link":"https:\/\/seabrokers.no\/fundamentering\/tjenester\/","title":{"rendered":"Tjenester"},"content":{"rendered":"<h3>Seabrokers Fundamentering er et landsdekkende selskap som leverer alt innen fundamentering.<\/h3>\n<p>Vi har stor maskinpark og dyktige fagfolk som eksperter innen peling, boring og spunting. Har du mer utfordrende grunnforhold kan l\u00f8sningen v\u00e6re jetpeling eller kalksement (KC-peling). Vi kan ogs\u00e5 hjelpe dersom du trenger tilgang til vann eller \u00f8nsker milj\u00f8vennlige energibr\u00f8nner. Vi kan ogs\u00e5 bist\u00e5 med komplisert fjellsikring.<\/p>\n","protected":false},"excerpt":{"rendered":"<p>Seabrokers Fundamentering er et landsdekkende selskap som leverer alt innen fundamentering. Vi har stor maskinpark og dyktige fagfolk som eksperter innen peling, boring og spunting. Har du mer utfordrende grunnforhold kan l\u00f8sningen v\u00e6re jetpeling eller kalksement (KC-peling). Vi kan ogs\u00e5 hjelpe dersom du trenger tilgang til vann eller \u00f8nsker milj\u00f8vennlige energibr\u00f8nner. Vi kan ogs\u00e5 bist\u00e5 [&hellip;]<\/p>\n","protected":false},"author":1,"featured_media":644,"parent":0,"menu_order":15,"comment_status":"closed","ping_status":"closed","template":"tpl-archive.php","meta":{"footnotes":"","_links_to":"","_links_to_target":""},"class_list":["post-131","page","type-page","status-publish","hentry"],"acf":{"subtitle":"","title":"Vi leverer alt innen fundamentering","text":"Vi har stor maskinpark, mange spesialmaskiner og dyktige fagfolk som kan sitt fag.","buttons":null,"image":"","video":"","focus_point":"end","style":"dark","type":"full","overlay_opacity":30,"enable_animation":false,"lottie":"","animation_opacity":60},"_links":{"self":[{"href":"https:\/\/seabrokers.no\/fundamentering\/wp-json\/wp\/v2\/pages\/131","targetHints":{"allow":["GET"]}}],"collection":[{"href":"https:\/\/seabrokers.no\/fundamentering\/wp-json\/wp\/v2\/pages"}],"about":[{"href":"https:\/\/seabrokers.no\/fundamentering\/wp-json\/wp\/v2\/types\/page"}],"author":[{"embeddable":true,"href":"https:\/\/seabrokers.no\/fundamentering\/wp-json\/wp\/v2\/users\/1"}],"replies":[{"embeddable":true,"href":"https:\/\/seabrokers.no\/fundamentering\/wp-json\/wp\/v2\/comments?post=131"}],"version-history":[{"count":0,"href":"https:\/\/seabrokers.no\/fundamentering\/wp-json\/wp\/v2\/pages\/131\/revisions"}],"wp:featuredmedia":[{"embeddable":true,"href":"https:\/\/seabrokers.no\/fundamentering\/wp-json\/wp\/v2\/media\/644"}],"wp:attachment":[{"href":"https:\/\/seabrokers.no\/fundamentering\/wp-json\/wp\/v2\/media?parent=131"}],"curies":[{"name":"wp","href":"https:\/\/api.w.org\/{rel}","templated":true}]}}