{"id":40,"date":"2023-04-18T11:08:24","date_gmt":"2023-04-18T11:08:24","guid":{"rendered":"https:\/\/seabrokers.no\/havnekraner\/?page_id=40"},"modified":"2023-08-07T13:05:09","modified_gmt":"2023-08-07T13:05:09","slug":"baerekraftsmal","status":"publish","type":"page","link":"https:\/\/seabrokers.no\/heavymachinery\/baerekraft-khms\/baerekraftsmal\/","title":{"rendered":"B\u00e6rekraftsm\u00e5l"},"content":{"rendered":"<p style=\"font-weight: 400;\">Vi skal bidra til l\u00f8sninger som reduser v\u00e5rt klimaavtrykk og samtidig \u00f8ke v\u00e5r kunnskap innen ny gr\u00f8nn teknologi og b\u00e6rekraftige l\u00f8sninger. V\u00e5rt arbeid skal utf\u00f8res med respekt for mennesker, natur og milj\u00f8, og vi jobber med f\u00f8lgende av FNs b\u00e6rkraftsm\u00e5l:<\/p>\n","protected":false},"excerpt":{"rendered":"<p>Vi skal bidra til l\u00f8sninger som reduser v\u00e5rt klimaavtrykk og samtidig \u00f8ke v\u00e5r kunnskap innen ny gr\u00f8nn teknologi og b\u00e6rekraftige l\u00f8sninger. V\u00e5rt arbeid skal utf\u00f8res med respekt for mennesker, natur og milj\u00f8, og vi jobber med f\u00f8lgende av FNs b\u00e6rkraftsm\u00e5l:<\/p>\n","protected":false},"author":1,"featured_media":551,"parent":38,"menu_order":6,"comment_status":"closed","ping_status":"closed","template":"","meta":{"footnotes":"","_links_to":"","_links_to_target":""},"class_list":["post-40","page","type-page","status-publish","hentry"],"acf":{"subtitle":"B\u00e6rekraftsm\u00e5l","title":"Med tanke p\u00e5 fremtiden","text":"Seabrokers Heavy Machinery jobber aktivt for \u00e5 n\u00e5 v\u00e5re globale klimam\u00e5l. ","buttons":null,"image":"","video":"","focus_point":"end","style":"dark","type":"full","overlay_opacity":30,"enable_animation":false,"lottie":"","animation_opacity":60},"_links":{"self":[{"href":"https:\/\/seabrokers.no\/heavymachinery\/wp-json\/wp\/v2\/pages\/40","targetHints":{"allow":["GET"]}}],"collection":[{"href":"https:\/\/seabrokers.no\/heavymachinery\/wp-json\/wp\/v2\/pages"}],"about":[{"href":"https:\/\/seabrokers.no\/heavymachinery\/wp-json\/wp\/v2\/types\/page"}],"author":[{"embeddable":true,"href":"https:\/\/seabrokers.no\/heavymachinery\/wp-json\/wp\/v2\/users\/1"}],"replies":[{"embeddable":true,"href":"https:\/\/seabrokers.no\/heavymachinery\/wp-json\/wp\/v2\/comments?post=40"}],"version-history":[{"count":0,"href":"https:\/\/seabrokers.no\/heavymachinery\/wp-json\/wp\/v2\/pages\/40\/revisions"}],"up":[{"embeddable":true,"href":"https:\/\/seabrokers.no\/heavymachinery\/wp-json\/wp\/v2\/pages\/38"}],"wp:featuredmedia":[{"embeddable":true,"href":"https:\/\/seabrokers.no\/heavymachinery\/wp-json\/wp\/v2\/media\/551"}],"wp:attachment":[{"href":"https:\/\/seabrokers.no\/heavymachinery\/wp-json\/wp\/v2\/media?parent=40"}],"curies":[{"name":"wp","href":"https:\/\/api.w.org\/{rel}","templated":true}]}}