{"id":67,"date":"2023-04-18T09:54:43","date_gmt":"2023-04-18T09:54:43","guid":{"rendered":"https:\/\/seabrokers.no\/eiendomsdrift\/?page_id=67"},"modified":"2023-06-29T19:04:30","modified_gmt":"2023-06-29T19:04:30","slug":"visjon-verdier","status":"publish","type":"page","link":"https:\/\/seabrokers.no\/services\/selskapet\/visjon-verdier\/","title":{"rendered":"Visjon &#038; verdier"},"content":{"rendered":"<h3>V\u00e5r visjon<\/h3>\n<p>Vi skal v\u00e6re regionens ledende leverand\u00f8r av Facility \u00a0Management tjenester, med skreddersydde l\u00f8sninger og service med et smil.<\/p>\n<h3>V\u00e5re verdier<\/h3>\n<h5>Samarbeid<\/h5>\n<p>Vi skal skape det beste samarbeidet i alle relasjoner.<\/p>\n<h5>Dedikert<\/h5>\n<p>Alle ansatte skal alltid gj\u00f8re sitt ytterste for \u00e5 levere i henhold til forventning.<\/p>\n<h5>Respektfull<\/h5>\n<p>Gjennom respekt og omsorg for ansatte, kunder, milj\u00f8et og samfunnet generelt skaper vi gode resultater.<\/p>\n<h5>Kvalitet i alt vi gj\u00f8r<\/h5>\n<p>V\u00e5re tjenester skal kjennetegnes av h\u00f8y kvalitet til riktig pris, fokus p\u00e5 forbedringer og et m\u00e5l om \u00e5 alltid v\u00e6re nummer 1.<\/p>\n","protected":false},"excerpt":{"rendered":"<p>V\u00e5r visjon Vi skal v\u00e6re regionens ledende leverand\u00f8r av Facility \u00a0Management tjenester, med skreddersydde l\u00f8sninger og service med et smil. V\u00e5re verdier Samarbeid Vi skal skape det beste samarbeidet i alle relasjoner. Dedikert Alle ansatte skal alltid gj\u00f8re sitt ytterste for \u00e5 levere i henhold til forventning. Respektfull Gjennom respekt og omsorg for ansatte, kunder, [&hellip;]<\/p>\n","protected":false},"author":1,"featured_media":423,"parent":40,"menu_order":0,"comment_status":"closed","ping_status":"closed","template":"","meta":{"footnotes":"","_links_to":"","_links_to_target":""},"class_list":["post-67","page","type-page","status-publish","hentry"],"acf":{"subtitle":"Visjon & verdier","title":"Regionens ledende leverand\u00f8r innen driftstjenester","text":"Vi skal v\u00e6re regionens ledende leverand\u00f8r av Facility Management tjenester, med skreddersydde l\u00f8sninger og service med et smil.","buttons":null,"image":"","video":"","focus_point":"end","style":"dark","type":"full","overlay_opacity":30,"enable_animation":false,"lottie":"","animation_opacity":60},"_links":{"self":[{"href":"https:\/\/seabrokers.no\/services\/wp-json\/wp\/v2\/pages\/67","targetHints":{"allow":["GET"]}}],"collection":[{"href":"https:\/\/seabrokers.no\/services\/wp-json\/wp\/v2\/pages"}],"about":[{"href":"https:\/\/seabrokers.no\/services\/wp-json\/wp\/v2\/types\/page"}],"author":[{"embeddable":true,"href":"https:\/\/seabrokers.no\/services\/wp-json\/wp\/v2\/users\/1"}],"replies":[{"embeddable":true,"href":"https:\/\/seabrokers.no\/services\/wp-json\/wp\/v2\/comments?post=67"}],"version-history":[{"count":0,"href":"https:\/\/seabrokers.no\/services\/wp-json\/wp\/v2\/pages\/67\/revisions"}],"up":[{"embeddable":true,"href":"https:\/\/seabrokers.no\/services\/wp-json\/wp\/v2\/pages\/40"}],"wp:featuredmedia":[{"embeddable":true,"href":"https:\/\/seabrokers.no\/services\/wp-json\/wp\/v2\/media\/423"}],"wp:attachment":[{"href":"https:\/\/seabrokers.no\/services\/wp-json\/wp\/v2\/media?parent=67"}],"curies":[{"name":"wp","href":"https:\/\/api.w.org\/{rel}","templated":true}]}}