{"id":68,"date":"2023-04-18T09:54:58","date_gmt":"2023-04-18T09:54:58","guid":{"rendered":"https:\/\/seabrokers.no\/eiendomsdrift\/?page_id=68"},"modified":"2023-08-07T08:15:07","modified_gmt":"2023-08-07T08:15:07","slug":"ledige-stillinger","status":"publish","type":"page","link":"https:\/\/seabrokers.no\/services\/selskapet\/ledige-stillinger\/","title":{"rendered":"Ledige stillinger"},"content":{"rendered":"<p>Kunne du tenke deg \u00e5 jobbe hos oss? Vi er hele tiden p\u00e5 jakt etter nye dyktige medarbeidere.<\/p>\n<p style=\"font-weight: 400;\"><strong>Dine egenskaper:<br \/>\n<\/strong>Felles for alle stillingene er at vi \u00f8nsker medarbeidere som er opptatt av resultater, har teft for \u00e5 skape god butikk, bidrar til kvalitet i leveransen og er en god lagspiller. Det er en fordel at du har glimt i \u00f8yet.<\/p>\n<p style=\"font-weight: 400;\"><strong>V\u00e5re egenskaper:<br \/>\n<\/strong>Vi jobber i h\u00f8yt tempo og samarbeider godt med hverandre. V\u00e5re selskapsorganisasjoner preges av stor takh\u00f8yde hvor nye l\u00f8sninger og muligheter vokser frem. Vi applauderer p\u00e5gangsmot og kreativitet. Alle bidrar til et bra arbeidsmilj\u00f8 hvor godt hum\u00f8r og inkludering settes h\u00f8yt. Vi tilbyr konkurransedyktige betingelser som inkluderer pensjons- og forsikringsordninger, i tillegg til andre velferdsgoder.<\/p>\n","protected":false},"excerpt":{"rendered":"<p>Kunne du tenke deg \u00e5 jobbe hos oss? Vi er hele tiden p\u00e5 jakt etter nye dyktige medarbeidere. Dine egenskaper: Felles for alle stillingene er at vi \u00f8nsker medarbeidere som er opptatt av resultater, har teft for \u00e5 skape god butikk, bidrar til kvalitet i leveransen og er en god lagspiller. Det er en fordel [&hellip;]<\/p>\n","protected":false},"author":1,"featured_media":407,"parent":40,"menu_order":0,"comment_status":"closed","ping_status":"closed","template":"tpl-archive.php","meta":{"footnotes":"","_links_to":"","_links_to_target":""},"class_list":["post-68","page","type-page","status-publish","hentry"],"acf":{"subtitle":"Karriere","title":"Vi tilbyr ulike karrieremuligheter","text":"Som ansatt i Seabrokers har du mulighet til \u00e5 bli en del av et internasjonalt selskap.","buttons":null,"image":"","video":"","focus_point":"center","style":"dark","type":"full","overlay_opacity":40,"enable_animation":false,"lottie":"","animation_opacity":60},"_links":{"self":[{"href":"https:\/\/seabrokers.no\/services\/wp-json\/wp\/v2\/pages\/68","targetHints":{"allow":["GET"]}}],"collection":[{"href":"https:\/\/seabrokers.no\/services\/wp-json\/wp\/v2\/pages"}],"about":[{"href":"https:\/\/seabrokers.no\/services\/wp-json\/wp\/v2\/types\/page"}],"author":[{"embeddable":true,"href":"https:\/\/seabrokers.no\/services\/wp-json\/wp\/v2\/users\/1"}],"replies":[{"embeddable":true,"href":"https:\/\/seabrokers.no\/services\/wp-json\/wp\/v2\/comments?post=68"}],"version-history":[{"count":0,"href":"https:\/\/seabrokers.no\/services\/wp-json\/wp\/v2\/pages\/68\/revisions"}],"up":[{"embeddable":true,"href":"https:\/\/seabrokers.no\/services\/wp-json\/wp\/v2\/pages\/40"}],"wp:featuredmedia":[{"embeddable":true,"href":"https:\/\/seabrokers.no\/services\/wp-json\/wp\/v2\/media\/407"}],"wp:attachment":[{"href":"https:\/\/seabrokers.no\/services\/wp-json\/wp\/v2\/media?parent=68"}],"curies":[{"name":"wp","href":"https:\/\/api.w.org\/{rel}","templated":true}]}}